).
7
Let j(p) be the second derivative of -p**4/12 - 4*p**3/3 + 16*p**2 + 2127*p. Calculate j(3).
-1
Let s(b) = -5 + 17 + 75*b + 562*b**2 + 46*b - 269*b**2 - 283*b**2. Determine s(-12).
0
Let a(h) = 7*h**3 + 15*h**2 + 7*h + 19. Let u(q) = -24*q**3 - 48*q**2 - 22*q - 58. Let g(k) = -7*a(k) - 2*u(k). Give g(-9).
28
Let c(u) = -14*u**3 + 5*u**2 - 6*u - 2. Let p(d) = 52*d**3 - 19*d**2 + 18*d + 5. Let v(k) = -7*c(k) - 2*p(k). Give v(-1).
7
Let y(k) be the first derivative of k**3/3 - 5*k**2/2 - 6*k - 803. Determine y(-3).
18
Let y(x) be the second derivative of -x**3/6 - 30*x**2 - 6718*x. Give y(-39).
-21
Let s(z) = -z. Let g(o) = 3*o - 3. Let c(y) = -g(y) - 5*s(y). Suppose -16*p + 68 = p. Give c(p).
11
Let d = 627 - 641. Let f(o) = -o**2 - 12*o - 17. What is f(d)?
-45
Let h(a) be the second derivative of 1/20*a**5 - a - 61 - 1/6*a**3 - 5/12*a**4 - 1/2*a**2. What is h(3)?
-22
Let v(k) = -5*k**2 - 8*k - 6. Let f(z) = -16*z - 28. Let y be f(-2). Let s(c) = 4*c**2 + 8*c + 6. Let x(r) = y*s(r) + 3*v(r). Determine x(-5).
-9
Let r(p) = -19*p - 11. Let w(c) = 12*c**2 + 181*c + 12. Let t be w(-15). Give r(t).
46
Let n(l) = -l**3 + 5*l**2 + 5*l - 1. Let s be n(6). Let v(b) = b**2 + 8*b + 9. Let m be v(s). Let w(d) = -8*d**m + 0 - 3*d + 7*d**2 + 5. Calculate w(4).
-23
Let d = -1023/20 - -307/6. Let f(w) be the third derivative of 0*w + 0 + d*w**5 + w**2 - 5/6*w**3 + 1/24*w**4. Determine f(0).
-5
Let q(c) be the first derivative of c**5/15 - 2*c**2 - 20*c + 35. Let y(i) be the second derivative of q(i). Determine y(-1).
4
Let d = 4377 - 4384. Let f(k) = 4*k + 17. Give f(d).
-11
Let c(i) = 37 + 74 - 381*i + 797*i - 401*i. What is c(-7)?
6
Let t be (-12)/(-36)*(-1 + 22). Suppose 5*a - 2 - 3 = -5*f, 5*a + t = f. Suppose 5*n = s - 30, 3*s - 35 = 2*n - f*s. Let x(r) = -r**2 - 4*r - 5. Determine x(n).
-10
Let j(n) = -n**3 + 9*n**2 - 8*n + 3. Suppose 2*m + 2*m + 129 = -5*b, -33 = m + b. Suppose 0 = -3*c - 128 - 4. Let v = m - c. What is j(v)?
3
Let h(l) be the second derivative of 0*l**4 - 37*l + 9/2*l**3 + 0 + 1/180*l**6 - 1/120*l**5 + 0*l**2. Let k(g) be the second derivative of h(g). Determine k(2).
6
Let s(q) = -q**2 - 15*q + 16. Suppose 12 - 22 = -5*p, j - 5*p = -24. Calculate s(j).
30
Let b(d) = -1403*d + 8415. Let w be b(6). Let z(n) = 30*n - 7. What is z(w)?
-97
Suppose 0*p - 64 = 4*p. Let d = p + 11. Let u(q) be the first derivative of q**2/2 - 6*q - 429. Calculate u(d).
-11
Suppose -3*w + 4*n + 2 = 15, 0 = n + 5. Let p = -15 - w. Let b(h) be the third derivative of -h**5/60 - h**4/8 - h**3/3 - 16968*h**2. What is b(p)?
-6
Let d = -80 - -84. Let c(l) = -498*l + 493*l - 4 - l**2 + d + 3. Calculate c(-3).
9
Let u(h) be the first derivative of -h**5/60 + h**4/8 + h**3/6 + h**2 + 31*h + 120. Let v(f) be the second derivative of u(f). Determine v(5).
-9
Suppose 18*l = 38*l + 60. Let c(x) be the third derivative of x**6/120 + x**5/60 - x**4/24 + x**3/2 + 10*x**2. Determine c(l).
-12
Let u(c) be the second derivative of -9*c - 1/3*c**3 - 5/2*c**2 + 1/6*c**4 - 3. Calculate u(4).
19
Let v(j) be the first derivative of -8*j**2 + 3*j + 678. Suppose 0 = -2*h + 156 + 104. Let p(c) = 350*c - 65. Let g(n) = h*v(n) + 6*p(n). Determine g(-1).
-20
Let a(t) = 5*t**3 - 25*t**2 - 3*t - 9. Let u(r) = -r**3 + 6*r**2 + r + 2. Let c(l) = 2*a(l) + 9*u(l). Suppose 378*j + 786*j = 171*j - 3972. What is c(j)?
-12
Let k(a) = -a + 9. Let c be k(0). Let o(l) = 1 - 3*l - l**2 - 4 - c - 6*l. Suppose 0*m + 9531 = -2*m + 9515. What is o(m)?
-4
Let l(i) = i**2 + i - 2. Let n(d) = -21*d + 10*d + 3*d + 7*d - 15. Let o be n(-15). Determine l(o).
-2
Suppose -4717*w + 4713*w + 64 = p, 3*w + 4*p - 74 = 0. Let v(u) = u**3 - 17*u**2 + 41*u - 13. Determine v(w).
-27
Let m(k) = -k**2 - 7. Suppose -12 = -b - 1. Suppose 7*f = b*f. Give m(f).
-7
Let w(l) be the first derivative of l**5/20 + 3*l**4/4 - 7*l**3/3 - 5*l**2 + 30*l + 109. Let z(t) be the first derivative of w(t). Calculate z(-10).
30
Let j(v) = 8*v**2 + 293*v + 50. Let k(s) = 3*s**2 + 116*s + 20. Let q(r) = 5*j(r) - 12*k(r). What is q(-18)?
-8
Let z(b) = b**3 - 2*b**2 + b - 1. Let r = -147 + 148. Let c(p) = -2*p**3 + 13*p**2 + 4. Let y(w) = r*c(w) + 4*z(w). Calculate y(-3).
-21
Suppose -48*f + 47 + 29 + 20 = 0. Let q(w) = 11*w**3 + 3*w**2 - 4*w + 3. What is q(f)?
95
Let i(m) = m - 7. Let c be (-18)/6 + (-1*50)/(-1). Suppose c = x - 5*y, -3*x + 76 + 65 = y. Suppose -8*a = -x - 17. What is i(a)?
1
Let c(h) = -6*h**3 + 3*h**2 + 60*h - 8. Let g(k) = k**3 - 9*k + 5. Let b(v) = -c(v) - 5*g(v). Determine b(6).
1
Let q(t) = 3*t - 15. Suppose -88*y + 125 = -1459. Calculate q(y).
39
Let b(g) = 0*g**2 + 14*g + 1 - 2*g + g**2. Let q(z) = 3*z - 99. Let d be q(29). Give b(d).
1
Suppose 9*l - 3 - 15 = 0. Let q be -14*(l + (-8)/4 + -2). Suppose 4*y - 11*y + q = 0. Let d(a) = a + 5. Determine d(y).
9
Let w(a) be the third derivative of 0*a - 22*a**2 + 0 - 1/12*a**4 - 1/2*a**3. Calculate w(5).
-13
Let v be -38 - -35 - -5*4. Let j(s) = -2*s + 11. Determine j(v).
-23
Let n(t) be the third derivative of t**6/120 + 17*t**5/60 - t**4/12 - 4*t**3 + 421*t**2 - 2*t. Determine n(-17).
10
Let d be 985/(-2)*(-114)/95. Let y = -583 + d. Let s(w) = w**2 - 9*w - 11. What is s(y)?
-19
Suppose 6*k - 70 = k. Suppose 4 + k = 9*j. Let t(o) = 32*o**j - 15*o**2 - 9*o**2 + 3*o - 2 - 9*o**2. Determine t(2).
0
Let k be -21 - ((-2366)/(-13))/(-13). Let z(n) = -7*n - 59. Calculate z(k).
-10
Let h(d) = d**2 + 9*d + 9. Suppose -53 = -47*u - 221 - 20. Determine h(u).
-11
Suppose j = -5*v - 30, -30 = -10*j + 14*j + 2*v. Let a(d) = -d - 5. Let l(w) = -w - 4. Let i(u) = 4*a(u) - 3*l(u). Determine i(j).
-3
Let x(b) be the second derivative of -b**4/3 - b**3/3 + b**2/2 - 7*b - 1. Let z be 46 + -1 - (-5 + 4). Let l = -48 + z. Determine x(l).
-11
Let t(u) = -u**3 + 14*u**2 - 12*u - 11. Let k(v) = -v**3 - 5*v**2 - 13*v - 36. Let i be k(-4). Suppose -5*g + 2*g + 39 = i. Give t(g).
2
Let u(x) = -58 + 13*x - 63 + 187 + 2*x**2 - 65. Determine u(-6).
-5
Let i(h) be the third derivative of 2*h**2 + 1/24*h**4 + 0 - 1/3*h**3 + 163*h. Give i(6).
4
Let q(p) = 8*p**2 + 5803*p**3 + 3 - 3*p - 2897*p**3 - 2905*p**3 - p. Give q(-8).
35
Let k(c) = c + 152. Let u(i) = -2*i - 215. Let q(y) = 3*k(y) + 2*u(y). What is q(42)?
-16
Let h(v) be the first derivative of 39*v**4/2 - 2*v**3/3 + v**2 + 3*v + 533. Determine h(-1).
-79
Let t(n) = -n**3 + 4*n**2 - 2*n + 3. Let g(m) = -3*m + 21. Let p be g(5). Let a be 133/((-21)/(-3)) + 0. Suppose -p*k - 1 = -a. What is t(k)?
6
Let m(u) = 6*u - 218. Let j(x) = -x**3 - 92*x**2 - 275*x - 675. Let h be j(-89). Calculate m(h).
4
Let s(h) be the second derivative of -29*h**3/6 - 43*h**2/2 + 11710*h. Give s(-5).
102
Let y(z) be the third derivative of z**8/10080 + z**7/5040 + 4*z**5/15 + z**4/24 + 6*z**2. Let c(u) be the third derivative of y(u). Determine c(-3).
15
Let f(y) = -204 - y**2 + 11*y + 51 + 56 + 56 + 49. Calculate f(13).
-18
Let x = -68 - -69. Let n(d) be the third derivative of 7*d**4/12 - d**3/3 + 82*d**2. Determine n(x).
12
Let y(g) be the first derivative of 4*g**3/3 - g**2/2 + 3. Suppose 5*z - 101 + 316 = 5*m, 101 = -2*z - 3*m. Let x = -45 - z. What is y(x)?
3
Let j = 16910 + -16904. Let z(b) = 0*b + 4*b - 2 + 0. Give z(j).
22
Let z(h) = -78 + 16*h + 15*h - h**2 + 19 - 153 + 0*h**2. Give z(10).
-2
Let p(z) = -41. Let q(g) = g + 39. Let t(n) = 4*p(n) + 3*q(n). Let h be t(18). Let w(y) = 2*y**2 - 7*y - 5. Give w(h).
44
Let h = -92 - -95. Suppose 1 = -h*p - 14. Let d(k) = -k. Let w(o) = o + 5. Let r(x) = -3*d(x) - w(x). Determine r(p).
-15
Let v(k) = 3*k**2 + k + 11. Let n = 8 - 4. Let c(i) be the second derivative of i**4/12 - i**3/6 + i**2/2 - 1268*i. Let s(d) = n*c(d) - v(d). What is s(6)?
-1
Let x(v) = 8*v + 108. Let k be (156/(-28) + 3)*1260/270. Determine x(k).
12
Suppose 4*z = 5*d + 1 - 6, -2*d + 19 = -5*z. Let u(y) = -19*y - 24*y - 6 + 58*y - 16*y. Give u(d).
-3
Let q = 126 - 91. Let i = q + -39. Let y(w) = 3*w + 2. Determine y(i).
-10
Let y(p) = p**3 + 10*p**2 + 6*p - 8. Let w be 6*(8/(-12) + -1) + 1. Calculate y(w).
19
Suppose -3*t + 852 = 846. Let c(i) = -7*i**2 + 2 - 4*i**2 + i - 7*i**2 + 21*i**t. Give c(-1).
4
Let d(b) = 19981*b - 27 + 6*b**2 - 19994*b - 8*b**2. Determine d(-6).
-21
Let f(d) = d**3 - 13*d**2 + 11*d - 13. Let l = -8091 + 8103. What is f(l)